{"id":86,"date":"2012-11-27T14:58:08","date_gmt":"2012-11-27T13:58:08","guid":{"rendered":"http:\/\/opdacia.org\/?page_id=86"},"modified":"2013-03-08T18:31:47","modified_gmt":"2013-03-08T17:31:47","slug":"kontemplative-sostre","status":"publish","type":"page","link":"https:\/\/www.opdacia.org\/?page_id=86","title":{"rendered":"Kontemplative s\u00f8stre"},"content":{"rendered":"<h3><a title=\"Lunden kloster, Oslo\" href=\"http:\/\/lunden.katolsk.no\/lunden_no.htm\">Lunden kloster, Oslo<img loading=\"lazy\" decoding=\"async\" src=\"http:\/\/lunden.katolsk.no\/bilder\/hjemmeside.jpg\" alt=\"Lunden Kloster Index\" width=\"497\" height=\"114\" border=\"0\" \/><\/a><\/h3>\n<p>S\u00f8strene ved Lunden kloster tilh\u00f8rer dominikanerordenens kontemplative gren (moniales) og er tilsluttet <strong>F\u00e9d\u00e9ration Notre<\/strong> <strong> Dame des Precheurs<\/strong> som er en sammenslutning av tilsvarende klostre i Frankrike, Sveits og Norge\u2026.<a title=\"Lunden kloster, Oslo\" href=\"http:\/\/lunden.katolsk.no\/lunden_no.htm\">. Les mer<\/a><\/p>\n<p>&nbsp;<\/p>\n<h3><a title=\"St. Dominikus kloster, R\u00f6gle\" href=\"http:\/\/www.roglekloster.se\/en\/\">St. Dominikus kloster, R\u00f6gle<\/a><\/h3>\n<p><img loading=\"lazy\" decoding=\"async\" src=\"http:\/\/www.roglekloster.se\/wp-content\/uploads\/cropped-entre1.jpg\" alt=\"\" width=\"491\" height=\"123\" \/><\/p>\n<p>S\u00f8strene i R\u00f6gle tilh\u00f8rer kongregasjonen <strong>Dominicaines de Sainte Marie des Tourelles. &#8230;.\u00a0 <\/strong><a title=\"Lenke til R\u00f6gle klosters nettsider\" href=\"http:\/\/www.roglekloster.se\/en\/\" target=\"_blank\">Les mer<\/a><strong><br \/>\n<\/strong><\/p>\n","protected":false},"excerpt":{"rendered":"<p>Lunden kloster, Oslo S\u00f8strene ved Lunden kloster tilh\u00f8rer dominikanerordenens kontemplative gren (moniales) og er tilsluttet F\u00e9d\u00e9ration Notre Dame des Precheurs som er en sammenslutning av tilsvarende klostre i Frankrike, Sveits og Norge\u2026.. Les mer &nbsp; St. Dominikus kloster, R\u00f6gle S\u00f8strene &hellip; <a href=\"https:\/\/www.opdacia.org\/?page_id=86\">Les videre <span class=\"meta-nav\">&rarr;<\/span><\/a><\/p>\n","protected":false},"author":3,"featured_media":0,"parent":58,"menu_order":2,"comment_status":"open","ping_status":"open","template":"","meta":{"footnotes":"","_links_to":"","_links_to_target":""},"class_list":["post-86","page","type-page","status-publish","hentry"],"_links":{"self":[{"href":"https:\/\/www.opdacia.org\/index.php?rest_route=\/wp\/v2\/pages\/86","targetHints":{"allow":["GET"]}}],"collection":[{"href":"https:\/\/www.opdacia.org\/index.php?rest_route=\/wp\/v2\/pages"}],"about":[{"href":"https:\/\/www.opdacia.org\/index.php?rest_route=\/wp\/v2\/types\/page"}],"author":[{"embeddable":true,"href":"https:\/\/www.opdacia.org\/index.php?rest_route=\/wp\/v2\/users\/3"}],"replies":[{"embeddable":true,"href":"https:\/\/www.opdacia.org\/index.php?rest_route=%2Fwp%2Fv2%2Fcomments&post=86"}],"version-history":[{"count":9,"href":"https:\/\/www.opdacia.org\/index.php?rest_route=\/wp\/v2\/pages\/86\/revisions"}],"predecessor-version":[{"id":152,"href":"https:\/\/www.opdacia.org\/index.php?rest_route=\/wp\/v2\/pages\/86\/revisions\/152"}],"up":[{"embeddable":true,"href":"https:\/\/www.opdacia.org\/index.php?rest_route=\/wp\/v2\/pages\/58"}],"wp:attachment":[{"href":"https:\/\/www.opdacia.org\/index.php?rest_route=%2Fwp%2Fv2%2Fmedia&parent=86"}],"curies":[{"name":"wp","href":"https:\/\/api.w.org\/{rel}","templated":true}]}}